 -34 - q. What is the tens digit of x?
2
Let f be 1/2*6 - 1. Let u = f - -1. What is the units digit of u?
3
Let f = 5 + -2. Suppose -3*b = 2*h - 2*b - 11, 5*b - 16 = f*h. What is the units digit of h?
3
Let j be -1 + 4/(-1 - 1). Let x be 7 + j - (-2 - -2). Suppose 2*m - 3 = x*z - 3*z, -5*m - 5 = -5*z. What is the units digit of z?
5
Suppose -2*u + 3*a + 2*a = -27, 0 = -3*u + 3*a + 18. What is the units digit of u?
1
Suppose 2*o = -0*o + 4. Suppose 4*n - 2*s + s = 29, 0 = o*n - 4*s - 32. What is the units digit of (-66)/(-18) - (-2)/n?
4
Let n(s) be the third derivative of -s**2 + 1/12*s**4 - 3/2*s**3 + 0*s + 0. What is the units digit of n(6)?
3
Let s be (-4)/(-18) - (-106)/9. Suppose 4*l - s = -0*l. Suppose 0 = -4*g - l + 23. What is the units digit of g?
5
Suppose 0 = -3*c + 51 + 111. What is the units digit of c?
4
Suppose -4*y + 36 = -2*y. Suppose 5*m + y = 2*m. What is the units digit of (-10)/15 - 16/m?
2
Let u(h) = -64*h + 19. What is the tens digit of u(-4)?
7
Suppose 4*p = p + 171. Let q = p - 24. Suppose 2*f = -4*n + 30, -4*n + q = 2*f - 3*f. What is the units digit of n?
8
Suppose 3*q - 65 = -4*o, 0 = -5*q - 2 - 3. Suppose 0*b + 52 = 5*b - w, 0 = 4*b - w - 41. Let u = o - b. What is the units digit of u?
6
Suppose -h - 3*j = -3*h + 144, j - 274 = -4*h. What is the tens digit of h?
6
Let n(o) be the third derivative of o**6/120 + o**5/10 + o**4/24 + 4*o**3/3 + 2*o**2. Let c be n(-6). Let f = 8 - c. What is the units digit of f?
6
Let a = -1 - 8. Let g = -7 - a. What is the units digit of g?
2
Let x(q) = 3*q**2 - 1. Let w be x(1). Suppose -2 = -0*b + w*b. Let f = b - -7. What is the units digit of f?
6
Let v = 10 + -6. Suppose 4*h - 3*w - 8 = -0, -h + 9 = w. Suppose -1 + 5 = v*c - 4*t, 3*c - h*t + 3 = 0. What is the units digit of c?
4
Suppose 5*f = 9 + 71. Suppose 0*b - f = -2*b. What is the units digit of ((-5)/((-10)/b))/2?
2
Let s(o) = o**3 - 9*o**2 - o + 9. Let v be s(9). Suppose -4*f + 5*h = -25, -4*f + 2*h + 10 = -v*h. Suppose f - 13 = -p. What is the units digit of p?
3
Let j(w) = w - 4. Let q be j(6). Suppose 2*n - 6 = 0, -m + 2*n - 2 - 1 = 0. Suppose m*v = q + 13. What is the units digit of v?
5
Suppose 9*n - 5*n = 344. What is the units digit of n?
6
Let c = 1 + 1. Suppose s + 0 = c. What is the units digit of (-129)/(-9) - s/6?
4
What is the units digit of ((-14)/49)/((-1)/14)?
4
Let v(g) = 9*g - 2. Let m(f) = 5*f - 1. Let w(x) = -9*m(x) + 4*v(x). What is the units digit of w(-2)?
9
Let q(w) = 4*w + 3 + 1 - 2*w. Suppose -s + 4*s = 3*v + 12, 0 = v - 1. What is the tens digit of q(s)?
1
What is the tens digit of (1 - -3)/(-12)*-321?
0
Suppose -5*q = -2*h + 5, h - 3*h + 7 = -3*q. Suppose 0 = h*m - 4*f - 115 - 4, 3*f = 5*m - 123. What is the tens digit of m?
2
Suppose 4*h - 2*h - 70 = 0. What is the tens digit of h?
3
Suppose 0 = -2*v - v + 849. What is the hundreds digit of v?
2
Let x be (16/1 - -2) + -1. Suppose 0 = -l + 2*j + x, 0*l = -4*l + 5*j + 65. What is the units digit of l?
5
What is the units digit of 2/6*-3 - 69/(-1)?
8
Suppose -u = u. Suppose 4*a - 17 + 1 = u. Suppose -2*n - a*o + 16 = 0, -10 + 50 = 5*n - 5*o. What is the units digit of n?
8
Let h be (-63)/(-6)*(-4)/(-6). Suppose 1 = 4*x - h. What is the units digit of x?
2
Let r = -5 + 7. Suppose 7*z - 2*z + 5*v = 180, 4*z - r*v = 138. What is the units digit of z?
5
Let i(h) = -2*h - 3*h + 2*h + 3. Let x be i(10). What is the units digit of -6*6/x*3?
4
Suppose 0 = 4*w - 5*g - 18, 2*w - 16 = -2*w + 4*g. What is the tens digit of (19/w)/(1/2)?
1
Let s = 1 + -1. Suppose s = a - 4*b - 34, -4*a + 126 = -5*b + 45. What is the tens digit of a?
1
Let w(c) be the second derivative of c**4/12 + c**3/3 + c. What is the units digit of w(2)?
8
Let m = -44 - -74. What is the tens digit of m?
3
Suppose 0 = -3*z - 2*l + 95, -5*l + 135 = 4*z - 4*l. What is the tens digit of z?
3
Suppose -x - i = 4*x - 119, 0 = -5*x - 2*i + 118. What is the tens digit of x?
2
Let z(i) = i**3 - 5*i**2 - 5*i - 3. Let v be z(6). Suppose 0*b - b = -v. What is the units digit of b*(0 - (-2)/3)?
2
Let c(r) = -r**2 - 2. Let f(s) = -s + 1. Let n be f(-1). Let y be c(n). What is the units digit of 2/3 - 38/y?
7
Suppose 4*p = -0*p - 84. Let i = -1 + p. Let o = i + 32. What is the tens digit of o?
1
Let s be 0 - (12 - (-1 - -3)). Let t = 22 + s. Let r = -1 + t. What is the tens digit of r?
1
Suppose 2*p = 27 + 3. Suppose d + 2*d + p = 0. Let b = 11 + d. What is the units digit of b?
6
Let u be 40 - 2/4*0. Suppose -2*r = -6*r + u. Suppose 5*w - 25 = r. What is the units digit of w?
7
Suppose 43 = 3*n + 10. Let f(p) = 3*p + 2 - p - 3 + n*p**2. What is the units digit of f(1)?
2
Suppose -4*f + 4*o = -0*f - 976, -4*f + 2*o + 978 = 0. What is the units digit of f?
5
Suppose -2*v + 24 = -4*i, -4*i + 6 = 4*v + 30. Let d = -5 - i. What is the units digit of d?
1
Let t(c) = -c**3 - 10*c**2 + 2*c + 12. Let y be t(-10). What is the tens digit of (6/y)/(1/(-20))?
1
Suppose -4*v = -16, -v = -5*i - 3*v + 33. Let l(k) = k**2 - 3*k - 6. Let j be l(i). Suppose -40 = -j*p + 12. What is the units digit of p?
3
Suppose -170 = 5*y - 6*y. What is the units digit of y?
0
Suppose -3*q + 50 = 2*q. Let x = q - 2. What is the units digit of 2/2 + 1*x?
9
Let w(c) = 13*c - 3. Let l be w(3). Suppose -2*v + l = 2*v. What is the units digit of v?
9
What is the tens digit of ((-25)/2)/((-3)/18*1)?
7
Let n(j) = -2*j**3 - 2*j**2 - 3*j - 2. What is the tens digit of n(-3)?
4
What is the units digit of 3 + 104 + (-8)/((-16)/4)?
9
Suppose -11 - 9 = -4*l. Suppose -l*d + 0*d = -60. What is the units digit of d?
2
Let l(q) = -q**3 - 7*q**2 - 3. Let x(c) = -2*c**3 - 15*c**2 - 7. Let r(p) = -13*l(p) + 6*x(p). Let n be r(3). Let g = n - 22. What is the tens digit of g?
1
Let w(b) = -2 - b + 10 - 2. What is the units digit of w(3)?
3
Suppose -c + 3 = 2*g, -5*c - 6 = -g + 4*g. Suppose -9 = -u + g*q, 0 = -0*u - u - 4*q - 5. Suppose u*m - 7 - 8 = 0. What is the units digit of m?
5
Suppose -4*f = -8*f + 124. What is the tens digit of f?
3
Suppose w = -1 + 5. Suppose w*d + r = 83, d - 3*r = -4*r + 23. What is the units digit of d?
0
Let m(v) = 0 + 5 + 10*v - 2*v. Let a(n) = 7*n + 4. Let g(f) = 4*a(f) - 3*m(f). What is the units digit of g(2)?
9
Let x(l) = 3*l + 11. Let j(b) = -b. Let o(s) = 4*j(s) + x(s). What is the units digit of o(0)?
1
Suppose 10*d = 5*d + 155. What is the tens digit of d?
3
Suppose 6*x = 406 - 16. What is the tens digit of x?
6
Let k(w) = w - 1. Let t be k(10). Let q = t - 6. Suppose -2*m - q*m + 5 = 0. What is the units digit of m?
1
Let b(s) = s**3 + 6*s**2 - s + 1. What is the tens digit of b(-3)?
3
Let v(s) = s + 32. Let d be v(0). Suppose p = -p + d. Let a = p - 10. What is the units digit of a?
6
Suppose a + a = 96. What is the units digit of a?
8
Let c = -2 - -4. Suppose -3*b - a = 4, -b - 8 + 0 = c*a. Suppose l = -b*l + 4. What is the units digit of l?
4
What is the units digit of ((-48)/5)/(12/(-90))?
2
Let y(i) = -15*i - 1. Let x be y(-7). Suppose -5*a + x = -31. What is the tens digit of a?
2
Suppose 4*w + 3*i - 440 = 0, -66 = -w - 5*i + 61. What is the hundreds digit of w?
1
Suppose 0 = -0*u - 5*u + 705. Suppose -14 = -5*o + u. Suppose -5*l = -p + 4*p - o, 5*l - 35 = -5*p. What is the units digit of l?
5
Suppose -4*r - 224 = -9*r - v, 0 = -5*v - 5. What is the units digit of r/4 - 2/8?
1
Suppose 0*b + 2*w + 20 = 5*b, 2*b + 5*w - 8 = 0. Suppose -b*d = -5 - 7. Suppose 0*t - d = -t. What is the units digit of t?
3
Let n(p) = -p + 78. What is the tens digit of n(25)?
5
Let f = 1 - 1. Let u = 5 - f. Let m = u - -5. What is the units digit of m?
0
Suppose -m + 16 = -5*m - 4*t, -2*m - 2 = 5*t. Let x be (m/12)/((-2)/168). Suppose -5*h + q = -q - 42, 3*h = -3*q + x. What is the tens digit of h?
1
Let q(y) = -y**2 + 9*y - 6. What is the units digit of q(8)?
2
Let l(w) = w**3 - 8*w**2 + 9*w - 10. Let y = 11 - 4. What is the units digit of l(y)?
4
Let v(j) = -18*j + 1. What is the units digit of v(-1)?
9
Let b = -60 - -181. What is the hundreds digit of b?
1
Let f = 2 - 3. Let u = -7 + f. Let b = -4 - u. What is the units digit of b?
4
Suppose 0 = -q - k + 48, 4*q - 91 = -3*k + 103. What is the tens digit of q?
5
Suppose 52*i - 46*i - 810 = 0. What is the units digit of i?
5
What is the units digit of (-1616)/(-18) + (-44)/(-198